*3 + 0 - 10*s. Determine h(-6).
12
Let k = -16 - -21. Suppose -3*b + k*s = -20, 2*b - 3*s - 11 - 1 = 0. Let f(p) = 5*p + b*p - 14*p. Determine f(-1).
9
Let o(k) = 2*k**2 - 3*k - 3. Let u be (2 - 3) + (0 - (-4)/4). Let m = 3 - u. Give o(m).
6
Let g(t) = -t**3 + 3*t**2 + 7*t - 5. Let n(f) = 3*f. Let y be n(2). Let c = 10 - y. What is g(c)?
7
Let t(d) be the second derivative of -d**4/12 + d**3/6 + d**2 + d + 2. Give t(5).
-18
Let m(r) = 3*r**2 + 8*r + 10. Let k(l) = 2*l**2 + 2*l + 2. Let u(x) = 2*k(x) - m(x). Determine u(6).
6
Let r(x) be the third derivative of -1/3*x**3 + 6*x**2 + 1/120*x**6 + 1/4*x**4 + 0*x + 2/15*x**5 + 0. Calculate r(-7).
5
Let f be (-2)/(-13) + 240/(-39). Let j be (-406)/(-49) + (-2)/7. Let c(z) = -2 - j*z + 49*z**2 - 27*z**2 - 23*z**2. What is c(f)?
10
Let z(f) be the third derivative of -f**6/120 - f**5/12 - f**4/12 + f**3/2 + 115*f**2 - 1. Give z(-4).
-5
Let z(c) = -c**2 - 2*c - 1. Let q(v) = v**2 + 9*v + 10. Let w(o) = -q(o) - 2*z(o). Let i(b) be the first derivative of w(b). What is i(6)?
7
Let l be (0*(-4 - -3))/(-1) - -81. Let n = -79 + l. Let f(q) = -3*q**2 + 2*q + 1. Calculate f(n).
-7
Let k(l) be the second derivative of l**3/6 - 3*l**2 - 920*l. What is k(6)?
0
Let h(w) be the third derivative of -w**4/8 - w**3/3 + 5*w**2. Let y = -40 - -38. Determine h(y).
4
Let s(b) = -b**2 - 5*b + 1. Suppose 0 = -8*m - 0*m + 8. Let g be (-18)/(-9) + (-1 - 13). Let h be m/2 - (-42)/g. Give s(h).
7
Let y(v) be the first derivative of v**4/4 + 2*v**3/3 - 5*v**2/2 - 6*v + 124. Determine y(-4).
-18
Let h(t) = -12*t**2 + 3*t - 5. Let i(n) = 13*n**2 - 4*n + 6. Let v(g) = -5*h(g) - 4*i(g). Let c = -197 + 196. Calculate v(c).
8
Let k(i) = -i**3 + 11*i**2 + 3*i - 25. Let s(m) = 16*m - 37. Let r be s(3). Determine k(r).
8
Let g(y) = 9*y - 3. Let k(n) = -57*n + 21. Let o(f) = -27*g(f) - 4*k(f). What is o(2)?
-33
Let z(l) = l**3 - 2*l. Let p be (-2)/13 - 27270/195. Let v = -138 - p. What is z(v)?
4
Let k(m) = -14*m**2 - 5*m - 36. Let n(j) = -5*j**2 - 2*j - 13. Let g(f) = 4*k(f) - 11*n(f). What is g(-3)?
-16
Let j(s) = s**3 - 11*s**2 - 11*s - 5. Let y be (-2)/(-3)*(21 + (4 - 7)). Determine j(y).
7
Let j be 32/240 + (-129)/(-45). Let q(v) be the first derivative of -v - 1/3*v**j - 4 + 7/2*v**2. Determine q(3).
11
Let m(i) = 2*i**2 - 1. Let x(j) = j + 12. Let l be x(-12). Suppose l*w + 4*w = 8. Suppose -14 = 3*d - 2*z, -3*z + w = 6*d - d. What is m(d)?
7
Let r(s) = 0 + s - 5 - 2. Suppose -3*z - 12 + 57 = 0. Let b be ((-2)/8)/(z/48)*-5. What is r(b)?
-3
Let z = -52 - -50. Let f(p) = -2*p**2 + 1. Give f(z).
-7
Let p be ((-21)/(-7))/((-6)/(-8)). Let t(f) = -f**2 + 4*f - 5. Determine t(p).
-5
Let h = -1 - 0. Let j(o) be the first derivative of 2*o**3/3 + o**2 - 30. Let a(t) = t**2 + t. Let x(u) = h*j(u) + 4*a(u). Determine x(2).
12
Let a(m) = 9*m + 12*m - 2*m**2 + m**2 - 26*m - 2 + m**3. Determine a(-3).
-23
Let u(j) be the first derivative of -j**3/3 - 5*j**2 + 7*j + 9. Let v be u(-11). Let t(w) = 6 + w**2 - 2 - w + 4*w. Give t(v).
8
Suppose -2*q + 7*q = 825. Let v = q + -162. Let x(b) = -2*b + 2. Calculate x(v).
-4
Let r(x) = x - 14. Suppose -5*d = -0*d + 4*s - 208, -35 = -d - 3*s. Suppose 2*h + d = 60. Give r(h).
-6
Suppose -4 = 31*l - 159. Let i(j) = 2*j**2 - 6*j + 7. Determine i(l).
27
Let d be 2 + (3 - 0) + -4 + 8. Let b(k) be the second derivative of k**5/20 - 5*k**4/6 + 4*k**3/3 + 9*k**2/2 + 2*k. Determine b(d).
0
Let u(q) = 9*q - 2. Let c = -230 - -232. Calculate u(c).
16
Let j(w) = w**3 - 7*w**2 + 2*w + 3. Suppose -35*v + 43*v - 56 = 0. Give j(v).
17
Let z be 3*2/(-12)*-2. Let u(i) = -4*i - 4. Let y(p) be the first derivative of 2*p**2 + 5*p - 18. Let c(t) = 6*u(t) + 5*y(t). What is c(z)?
-3
Let b(v) = 55*v**3 + 5*v**2 + 1 - 6*v + 31*v - 3*v**2 - 13*v - 14*v. Calculate b(1).
56
Let u(z) = -3 - z - 2 + 2 - z. Let v be -2 + 26 - (2 + -3). Let s be 10/v + 22/(-5). Calculate u(s).
5
Let l be (-42)/(-12)*(5 - 3). Let d(r) = -r**3 + 8*r**2 + 4 + 12 - 6 - 7*r. What is d(l)?
10
Let x(u) be the second derivative of -14*u + 1/20*u**5 - u**2 + 1/3*u**4 - u**3 + 0. Suppose -3*y = -6*y - 2*j - 21, 5*y + 2*j + 31 = 0. Give x(y).
3
Let o(d) = 5*d - 136. Let t be o(28). Let l(k) = 2*k**2 - 2*k + 4. Calculate l(t).
28
Suppose -5*m = -7*o + 3*o - 7, 0 = 4*m + 4*o - 20. Let f be (8/m)/(6/9). Suppose 8 + f = -4*j. Let s(b) = b**2 + 5*b + 1. Give s(j).
-5
Let t(f) = 5 - 3*f - 3225*f**2 + 3224*f**2 - 5*f. Calculate t(-6).
17
Let h(n) = -n**2 - 10*n - 6. Let i be 4 + 1 - (-24)/(-2). What is h(i)?
15
Suppose -j = 2*l + 45, 5*j + l = -2*l - 190. Let c = -36 - j. Let s(m) = 8*m**2 + 6*m. Let w(b) = -15*b**2 - 11*b. Let u(q) = 11*s(q) + 6*w(q). Give u(c).
-2
Let v(d) = d + 9. Let k(s) be the second derivative of s**3/6 + s**2 + s. Let m be 4/3*(-51)/34. Let l be k(m). What is v(l)?
9
Let c(n) = 13*n - 12. Let g(v) = -9*v + 15. Let t(a) = 2*c(a) + 3*g(a). Calculate t(15).
6
Let h(w) be the first derivative of w**4/2 - 4*w**3/3 - 2*w**2 - 2*w - 477. Give h(-2).
-26
Let r(j) = j**3 - 4*j**2 + 5*j - 6. Let s be 18*(3 - (-33)/(-9)). Let c be (24/s)/((-4)/(-6)). Let a be 5 - -3*c/9. Give r(a).
14
Let z(o) = -9*o**2 - 2*o**2 + 4*o**2 + 4*o**2 - 1 + 6*o**2. Calculate z(3).
26
Let h be 3 + -5*(-6)/10 + -4. Let b(i) be the first derivative of 1/3*i**3 + 6 - 5/2*i**h + 5*i. Determine b(4).
1
Let l(r) = 7*r**2 - 3*r - 5. Let t(h) = 6*h**2 - h - 4. Let g(n) = 2*l(n) - 3*t(n). Give g(-3).
-25
Let d(c) be the third derivative of -2*c**5/15 + c**4/12 - c**3/6 + 3*c**2 + 138. Suppose 0 = s + 1 - 2. Give d(s).
-7
Suppose 8 - 74 = 22*k. Let p(f) = 0*f - 3*f**2 + 2*f**2 - 2*f + 2. Determine p(k).
-1
Suppose -2*r + 2 + 2 = 0. Let p be 15/(1 + r) - -1. Let y(l) be the second derivative of l**3/6 - l**2 + 3*l - 49. What is y(p)?
4
Let f(b) be the second derivative of 7*b**4/12 - b**2/2 - 2*b. Suppose -17*l - 10 = -27. What is f(l)?
6
Let a(g) be the second derivative of g**3/3 - g**2/2 + 2*g + 21. Let x(d) be the first derivative of d**3/3 + 3*d**2 + 2*d + 1. Let o be x(-6). What is a(o)?
3
Let b(j) = -97*j - 189. Let w be b(-2). Let k(c) = c**2 + 3*c + 4. Determine k(w).
44
Let s(y) = -4*y**3 + 3*y**2 + y. Let d(i) = -9*i**3 + 6*i**2 + 2*i - 1. Let f(t) = -3*d(t) + 7*s(t). Calculate f(4).
-9
Let p be 85/51 + 2/(-3). Let w(f) = -15*f + 9*f - 3 + 4 + p. What is w(4)?
-22
Let o(r) = 2*r**3 - r**2 - 4*r + 3. Suppose 106 = -7*v - 6. Let d = v + 18. Calculate o(d).
7
Let a(y) = -2 - 4*y + 0*y + 3*y. Suppose -144 + 32 = 112*d. Determine a(d).
-1
Let a(c) = 17*c**2 - 7*c + 18*c**2 - 53*c**2 + 12 + 19*c**2 - 5*c. Determine a(11).
1
Suppose 2*f - i + 5 = -0, -2*f + 13 = 5*i. Let h be (f - 2) + (0 - -8). Suppose -h*b + 0*b + 30 = 0. Let t(d) = -d**2 + 5*d + 4. What is t(b)?
-2
Let v(b) = -b**2 - 12*b - 11. Let u = -924 + 917. Give v(u).
24
Let k(i) = -i**2 - i + 59. Let q be k(7). Let z(r) = r**3 - 3*r**2 - r + 2. Determine z(q).
-1
Let f(u) = 3*u - 1 - u + u. Let b be 3/(-4*42/112). What is f(b)?
-7
Let j(c) = -3 - 15*c + 4*c**3 + 9*c**2 + 2*c**3 + 3*c**2 + 0*c**3 - 5*c**3. Calculate j(-13).
23
Let r(k) = k**2 + 5*k - 10. Let d(h) = -h**2 + 3*h + 10. Let s be d(6). What is r(s)?
14
Suppose -6*f + 2*f = -2*q - 2, 5*q + 3*f = 34. Let m(x) = -2*x**2 + 8*x - 3. Determine m(q).
-13
Let o(p) = p**2 - p. Let c = 23 + -25. Determine o(c).
6
Let r(l) = l**2 + 6*l + 8. Let d be r(-6). Let g(v) be the first derivative of -d + 2*v**2 + 1/3*v**3 - 4*v. Determine g(-5).
1
Let t(o) = 4*o**2 - o. Suppose -5*h - 5 = 4*v + 1, 3*h = -5*v - 1. Let u be 4 + -3 + 0/v. What is t(u)?
3
Let u(y) = -y - 6. Let w = -2 - -4. Let b(q) = -3*q**w - 4*q + 2*q**2 - q. Let g be b(-6). Determine u(g).
0
Let m(s) = -4*s + 1. Let w(b) = b**2 + 5*b + 3. Let z be w(-5). Suppose -2*i + 7*i = -r + 14, z*r + 2*i = 16. Calculate m(r).
-15
Let l(o) be the third derivative of o**6/90 + o**5/60 + o**4/12 - o**2. Let s(b) be the second derivative of l(b). Let v be ((-1 - 6) + 3)/2. Calculate s(v).
-14
Let u(l) be the second derivative of l**4/12 - l**3/6 - 17*l**2/2 + 31*l + 4. Give u(4).
-5
Let f = 47 + -41. Let j be 22/6 - (-8)/(-12). Suppose -i = -j*i - f. Let g(y) = -y**3 - 2*y**2 + y - 3. Determine g(i).
3
Let x be -7 + (-7)/(28/(-8)). Let s(u) = u**3 + u**2 + u - 1. Let l(c) = -2*c**3 + c**2 - 5*c + 10. Let a(n) = -l(n) - 3*s(n).